{"id":34,"date":"2015-07-29T18:49:54","date_gmt":"2015-07-29T16:49:54","guid":{"rendered":"http:\/\/hfini.ipa.tu-berlin.de\/?page_id=34"},"modified":"2025-08-02T14:48:24","modified_gmt":"2025-08-02T12:48:24","slug":"uber-uns","status":"publish","type":"page","link":"https:\/\/steyr.ipa.tu-berlin.de\/?page_id=34","title":{"rendered":"\u00dcber uns"},"content":{"rendered":"<h3><span style=\"color: #003366;\"><strong>Willkommen auf der Website der Fachschaftsinitiative Human Factors der Technischen Universit\u00e4t Berlin!<\/strong><\/span><\/h3>\n<p><span style=\"font-weight: 400;\"><br \/>\nDie Human Factors Fachschaftsinitiative ist gleichzeitig das HFES Student Chapter Berlin, das als freier Zusammenschluss von 20 Human Factors Studierenden der Technischen Universit\u00e4t Berlin besteht.<\/span><\/p>\n<p><span style=\"font-weight: 400;\">Die Fachschaftsinitiative hat zum Ziel, sich in erster Linie um die Belange der Human Factors Studierenden zu k\u00fcmmern. Unser Ziel ist es, die Studierenden in Gremien zu vertreten, in Fragen zum Studium zu helfen sowie das Studium zukunftsorientiert zu gestalten. Au\u00dferdem engagieren wir uns daf\u00fcr, f\u00fcr Studierende durch Job-Symposien, Exkursionen oder Netzwerkveranstaltungen Kontakte zu beruflichen Perspektiven zu unterst\u00fctzen.<\/span><\/p>\n<p><span style=\"font-weight: 400;\">Auf dieser Seite findet ihr n\u00e4here Informationen zum Studiengang und unserer Arbeit als HFES Student Chapter. Wir w\u00fcnschen Euch viel Spa\u00df beim Erkunden!<\/span><\/p>\n<p>HFES Student Chapter | Juli 2024<a href=\"http:\/\/hfini.ipa.tu-berlin.de\/wp-content\/uploads\/IMG_0039_bearbeitet-1-1-2-1-min-3-scaled.jpg\"><img loading=\"lazy\" decoding=\"async\" class=\"alignnone size-full wp-image-363\" src=\"http:\/\/hfini.ipa.tu-berlin.de\/wp-content\/uploads\/IMG_0039_bearbeitet-1-1-2-1-min-3-scaled.jpg\" alt=\"\" width=\"2560\" height=\"1709\" srcset=\"https:\/\/steyr.ipa.tu-berlin.de\/wp-content\/uploads\/IMG_0039_bearbeitet-1-1-2-1-min-3-scaled.jpg 2560w, https:\/\/steyr.ipa.tu-berlin.de\/wp-content\/uploads\/IMG_0039_bearbeitet-1-1-2-1-min-3-300x200.jpg 300w, https:\/\/steyr.ipa.tu-berlin.de\/wp-content\/uploads\/IMG_0039_bearbeitet-1-1-2-1-min-3-1024x683.jpg 1024w, https:\/\/steyr.ipa.tu-berlin.de\/wp-content\/uploads\/IMG_0039_bearbeitet-1-1-2-1-min-3-768x513.jpg 768w, https:\/\/steyr.ipa.tu-berlin.de\/wp-content\/uploads\/IMG_0039_bearbeitet-1-1-2-1-min-3-1536x1025.jpg 1536w, https:\/\/steyr.ipa.tu-berlin.de\/wp-content\/uploads\/IMG_0039_bearbeitet-1-1-2-1-min-3-2048x1367.jpg 2048w, https:\/\/steyr.ipa.tu-berlin.de\/wp-content\/uploads\/IMG_0039_bearbeitet-1-1-2-1-min-3-1000x667.jpg 1000w, https:\/\/steyr.ipa.tu-berlin.de\/wp-content\/uploads\/IMG_0039_bearbeitet-1-1-2-1-min-3-230x154.jpg 230w, https:\/\/steyr.ipa.tu-berlin.de\/wp-content\/uploads\/IMG_0039_bearbeitet-1-1-2-1-min-3-350x234.jpg 350w, https:\/\/steyr.ipa.tu-berlin.de\/wp-content\/uploads\/IMG_0039_bearbeitet-1-1-2-1-min-3-480x320.jpg 480w\" sizes=\"auto, (max-width: 2560px) 100vw, 2560px\" \/><\/a><\/p>\n<p><span style=\"font-weight: 400;\">Weitere Infos findet ihr unserem ISIS-Kurs (<a href=\"https:\/\/isis.tu-berlin.de\/course\/view.php?id=32224\">Human Factors Infokanal<\/a>), auf unserer <a href=\"https:\/\/www.instagram.com\/hf_chapter_berlin\/\">Instagram<\/a>-, <a href=\"https:\/\/www.linkedin.com\/company\/hfstudentchapterberlin\/\">LinkedIn<\/a>&#8211; sowie <a href=\"https:\/\/www.facebook.com\/groups\/196981736997258\/\">Facebook<\/a>-Seite.<\/span><\/p>\n<p><span style=\"font-weight: 400;\">Wenn ihr im Chapter mitwirken wollt und f\u00fcr eure Kommiliton:innen einen Mehrwert schaffen wollt, schreibt uns gerne eine Nachricht oder kommt gerne einfach zu einem unserer Treffen.<\/span><\/p>\n<p><span style=\"font-weight: 400;\">Wir treffen uns in der Vorlesungszeit jeden zweiten Donnerstag um 18 Uhr im Raum MAR 3033 in der Marchstra\u00dfe 23.<\/span><\/p>\n<p><span style=\"font-weight: 400;\">E-Mail: <a href=\"mailto:hf.chapter.berlin@gmail.com\">hf.chapter.berlin@gmail.com<\/a><br \/>\n<\/span><span style=\"font-weight: 400;\">Raum: MAR 3033<\/span><\/p>\n","protected":false},"excerpt":{"rendered":"<p>Willkommen auf der Website der Fachschaftsinitiative Human Factors der Technischen Universit\u00e4t Berlin! Die Human Factors Fachschaftsinitiative ist gleichzeitig das HFES Student Chapter Berlin, das als freier Zusammenschluss von 20 Human Factors Studierenden der Technischen Universit\u00e4t Berlin besteht. Die Fachschaftsinitiative hat zum Ziel, sich in erster Linie um die Belange der Human Factors Studierenden zu k\u00fcmmern. Unser Ziel ist es, die Studierenden in Gremien zu vertreten, in Fragen zum Studium zu helfen sowie das Studium zukunftsorientiert zu gestalten. Au\u00dferdem engagieren wir uns daf\u00fcr, f\u00fcr Studierende durch Job-Symposien, Exkursionen oder Netzwerkveranstaltungen Kontakte zu beruflichen Perspektiven zu unterst\u00fctzen. Auf dieser Seite findet ihr n\u00e4here Informationen zum Studiengang und unserer Arbeit als HFES Student Chapter. Wir w\u00fcnschen Euch viel Spa\u00df beim Erkunden! HFES Student [&hellip;]<\/p>\n","protected":false},"author":3,"featured_media":0,"parent":0,"menu_order":0,"comment_status":"closed","ping_status":"open","template":"","meta":{"footnotes":""},"class_list":["post-34","page","type-page","status-publish","hentry"],"_links":{"self":[{"href":"https:\/\/steyr.ipa.tu-berlin.de\/index.php?rest_route=\/wp\/v2\/pages\/34","targetHints":{"allow":["GET"]}}],"collection":[{"href":"https:\/\/steyr.ipa.tu-berlin.de\/index.php?rest_route=\/wp\/v2\/pages"}],"about":[{"href":"https:\/\/steyr.ipa.tu-berlin.de\/index.php?rest_route=\/wp\/v2\/types\/page"}],"author":[{"embeddable":true,"href":"https:\/\/steyr.ipa.tu-berlin.de\/index.php?rest_route=\/wp\/v2\/users\/3"}],"replies":[{"embeddable":true,"href":"https:\/\/steyr.ipa.tu-berlin.de\/index.php?rest_route=%2Fwp%2Fv2%2Fcomments&post=34"}],"version-history":[{"count":13,"href":"https:\/\/steyr.ipa.tu-berlin.de\/index.php?rest_route=\/wp\/v2\/pages\/34\/revisions"}],"predecessor-version":[{"id":418,"href":"https:\/\/steyr.ipa.tu-berlin.de\/index.php?rest_route=\/wp\/v2\/pages\/34\/revisions\/418"}],"wp:attachment":[{"href":"https:\/\/steyr.ipa.tu-berlin.de\/index.php?rest_route=%2Fwp%2Fv2%2Fmedia&parent=34"}],"curies":[{"name":"wp","href":"https:\/\/api.w.org\/{rel}","templated":true}]}}

Über uns

<h3><span style="color: #003366;"><strong>Willkommen auf der Website der Fachschaftsinitiative Human Factors der Technischen Universität Berlin!</strong></span></h3>
<p><span style="font-weight: 400;"><br />
Die Human Factors Fachschaftsinitiative ist gleichzeitig das HFES Student Chapter Berlin, das als freier Zusammenschluss von 20 Human Factors Studierenden der Technischen Universität Berlin besteht.</span></p>
<p><span style="font-weight: 400;">Die Fachschaftsinitiative hat zum Ziel, sich in erster Linie um die Belange der Human Factors Studierenden zu kümmern. Unser Ziel ist es, die Studierenden in Gremien zu vertreten, in Fragen zum Studium zu helfen sowie das Studium zukunftsorientiert zu gestalten. Außerdem engagieren wir uns dafür, für Studierende durch Job-Symposien, Exkursionen oder Netzwerkveranstaltungen Kontakte zu beruflichen Perspektiven zu unterstützen.</span></p>
<p><span style="font-weight: 400;">Auf dieser Seite findet ihr nähere Informationen zum Studiengang und unserer Arbeit als HFES Student Chapter. Wir wünschen Euch viel Spaß beim Erkunden!</span></p>
<p>HFES Student Chapter | Juli 2024<a href="http://hfini.ipa.tu-berlin.de/wp-content/uploads/IMG_0039_bearbeitet-1-1-2-1-min-3-scaled.jpg"><img loading="lazy" decoding="async" class="alignnone size-full wp-image-363" src="http://hfini.ipa.tu-berlin.de/wp-content/uploads/IMG_0039_bearbeitet-1-1-2-1-min-3-scaled.jpg" alt="" width="2560" height="1709" srcset="https://steyr.ipa.tu-berlin.de/wp-content/uploads/IMG_0039_bearbeitet-1-1-2-1-min-3-scaled.jpg 2560w, https://steyr.ipa.tu-berlin.de/wp-content/uploads/IMG_0039_bearbeitet-1-1-2-1-min-3-300x200.jpg 300w, https://steyr.ipa.tu-berlin.de/wp-content/uploads/IMG_0039_bearbeitet-1-1-2-1-min-3-1024x683.jpg 1024w, https://steyr.ipa.tu-berlin.de/wp-content/uploads/IMG_0039_bearbeitet-1-1-2-1-min-3-768x513.jpg 768w, https://steyr.ipa.tu-berlin.de/wp-content/uploads/IMG_0039_bearbeitet-1-1-2-1-min-3-1536x1025.jpg 1536w, https://steyr.ipa.tu-berlin.de/wp-content/uploads/IMG_0039_bearbeitet-1-1-2-1-min-3-2048x1367.jpg 2048w, https://steyr.ipa.tu-berlin.de/wp-content/uploads/IMG_0039_bearbeitet-1-1-2-1-min-3-1000x667.jpg 1000w, https://steyr.ipa.tu-berlin.de/wp-content/uploads/IMG_0039_bearbeitet-1-1-2-1-min-3-230x154.jpg 230w, https://steyr.ipa.tu-berlin.de/wp-content/uploads/IMG_0039_bearbeitet-1-1-2-1-min-3-350x234.jpg 350w, https://steyr.ipa.tu-berlin.de/wp-content/uploads/IMG_0039_bearbeitet-1-1-2-1-min-3-480x320.jpg 480w" sizes="auto, (max-width: 2560px) 100vw, 2560px" /></a></p>
<p><span style="font-weight: 400;">Weitere Infos findet ihr unserem ISIS-Kurs (<a href="https://isis.tu-berlin.de/course/view.php?id=32224">Human Factors Infokanal</a>), auf unserer <a href="https://www.instagram.com/hf_chapter_berlin/">Instagram</a>-, <a href="https://www.linkedin.com/company/hfstudentchapterberlin/">LinkedIn</a>&#8211; sowie <a href="https://www.facebook.com/groups/196981736997258/">Facebook</a>-Seite.</span></p>
<p><span style="font-weight: 400;">Wenn ihr im Chapter mitwirken wollt und für eure Kommiliton:innen einen Mehrwert schaffen wollt, schreibt uns gerne eine Nachricht oder kommt gerne einfach zu einem unserer Treffen.</span></p>
<p><span style="font-weight: 400;">Wir treffen uns in der Vorlesungszeit jeden zweiten Donnerstag um 18 Uhr im Raum MAR 3033 in der Marchstraße 23.</span></p>
<p><span style="font-weight: 400;">E-Mail: <a href="mailto:hf.chapter.berlin@gmail.com">hf.chapter.berlin@gmail.com</a><br />
</span><span style="font-weight: 400;">Raum: MAR 3033</span></p>

<p>Willkommen auf der Website der Fachschaftsinitiative Human Factors der Technischen Universität Berlin! Die Human Factors Fachschaftsinitiative ist gleichzeitig das HFES Student Chapter Berlin, das als freier Zusammenschluss von 20 Human Factors Studierenden der Technischen Universität Berlin besteht. Die Fachschaftsinitiative hat zum Ziel, sich in erster Linie um die Belange der Human Factors Studierenden zu kümmern. Unser Ziel ist es, die Studierenden in Gremien zu vertreten, in Fragen zum Studium zu helfen sowie das Studium zukunftsorientiert zu gestalten. Außerdem engagieren wir uns dafür, für Studierende durch Job-Symposien, Exkursionen oder Netzwerkveranstaltungen Kontakte zu beruflichen Perspektiven zu unterstützen. Auf dieser Seite findet ihr nähere Informationen zum Studiengang und unserer Arbeit als HFES Student Chapter. Wir wünschen Euch viel Spaß beim Erkunden! HFES Student [&hellip;]</p>
