{"id":32,"date":"2015-07-29T18:48:36","date_gmt":"2015-07-29T16:48:36","guid":{"rendered":"http:\/\/hfini.ipa.tu-berlin.de\/?page_id=32"},"modified":"2025-08-03T09:55:01","modified_gmt":"2025-08-03T07:55:01","slug":"kontakt","status":"publish","type":"page","link":"https:\/\/steyr.ipa.tu-berlin.de\/?page_id=32","title":{"rendered":"Kontakt"},"content":{"rendered":"<p>F\u00fcr alle Fragen \u00fcbers Studium, Pr\u00fcfungen und sonstige Sorgen, schreibt uns gern an: <span style=\"color: #0000ff;\"><em><strong>hf.chapter.berlin (\u00e4t) gmail.com<\/strong><\/em><\/span><\/p>\n<p>Wir treffen uns w\u00e4hrend des Semesters alle zwei Wochen Donnerstag um 18 Uhr im INI+Chapter-Raum (MAR 3.033; Marchstra\u00dfe 23, 10587 Berlin). Interessierte sind immer willkommen (Schreib uns bei Interesse gerne eine Mail).<\/p>\n<p>MAR Geb\u00e4ude<br \/>\n<a href=\"http:\/\/&lt;iframe src=&quot;https:\/\/www.google.com\/maps\/embed?pb=!1m18!1m12!1m3!1d2427.928905446588!2d13.321273415807337!3d52.51662567981362!2m3!1f0!2f0!3f0!3m2!1i1024!2i768!4f13.1!3m3!1m2!1s0x47a8511b0709b905%3A0x5731d340466368bc!2sMAR+Geb%C3%A4ude%2C+Marchstra%C3%9Fe+23%2C+10587+Berlin!5e0!3m2!1sde!2sde!4v1445510021786&quot; width=&quot;600&quot; height=&quot;450&quot; frameborder=&quot;0&quot; style=&quot;border:0&quot; allowfullscreen&gt;&lt;\/iframe&gt;\"><iframe loading=\"lazy\" style=\"border: 0;\" src=\"https:\/\/www.google.com\/maps\/embed?pb=!1m18!1m12!1m3!1d2427.928905446588!2d13.321273415807337!3d52.51662567981362!2m3!1f0!2f0!3f0!3m2!1i1024!2i768!4f13.1!3m3!1m2!1s0x47a8511b0709b905%3A0x5731d340466368bc!2sMAR+Geb%C3%A4ude%2C+Marchstra%C3%9Fe+23%2C+10587+Berlin!5e0!3m2!1sde!2sde!4v1445510021786\" width=\"600\" height=\"450\" frameborder=\"0\" allowfullscreen=\"allowfullscreen\"><\/iframe><\/a><\/p>\n","protected":false},"excerpt":{"rendered":"<p>F\u00fcr alle Fragen \u00fcbers Studium, Pr\u00fcfungen und sonstige Sorgen, schreibt uns gern an: hf.chapter.berlin (\u00e4t) gmail.com Wir treffen uns w\u00e4hrend des Semesters alle zwei Wochen Donnerstag um 18 Uhr im INI+Chapter-Raum (MAR 3.033; Marchstra\u00dfe 23, 10587 Berlin). Interessierte sind immer willkommen (Schreib uns bei Interesse gerne eine Mail). MAR Geb\u00e4ude<\/p>\n","protected":false},"author":3,"featured_media":0,"parent":0,"menu_order":0,"comment_status":"closed","ping_status":"closed","template":"","meta":{"footnotes":""},"class_list":["post-32","page","type-page","status-publish","hentry"],"_links":{"self":[{"href":"https:\/\/steyr.ipa.tu-berlin.de\/index.php?rest_route=\/wp\/v2\/pages\/32","targetHints":{"allow":["GET"]}}],"collection":[{"href":"https:\/\/steyr.ipa.tu-berlin.de\/index.php?rest_route=\/wp\/v2\/pages"}],"about":[{"href":"https:\/\/steyr.ipa.tu-berlin.de\/index.php?rest_route=\/wp\/v2\/types\/page"}],"author":[{"embeddable":true,"href":"https:\/\/steyr.ipa.tu-berlin.de\/index.php?rest_route=\/wp\/v2\/users\/3"}],"replies":[{"embeddable":true,"href":"https:\/\/steyr.ipa.tu-berlin.de\/index.php?rest_route=%2Fwp%2Fv2%2Fcomments&post=32"}],"version-history":[{"count":17,"href":"https:\/\/steyr.ipa.tu-berlin.de\/index.php?rest_route=\/wp\/v2\/pages\/32\/revisions"}],"predecessor-version":[{"id":419,"href":"https:\/\/steyr.ipa.tu-berlin.de\/index.php?rest_route=\/wp\/v2\/pages\/32\/revisions\/419"}],"wp:attachment":[{"href":"https:\/\/steyr.ipa.tu-berlin.de\/index.php?rest_route=%2Fwp%2Fv2%2Fmedia&parent=32"}],"curies":[{"name":"wp","href":"https:\/\/api.w.org\/{rel}","templated":true}]}}

<p>Für alle Fragen übers Studium, Prüfungen und sonstige Sorgen, schreibt uns gern an: <span style="color: #0000ff;"><em><strong>hf.chapter.berlin (ät) gmail.com</strong></em></span></p>
<p>Wir treffen uns während des Semesters alle zwei Wochen Donnerstag um 18 Uhr im INI+Chapter-Raum (MAR 3.033; Marchstraße 23, 10587 Berlin). Interessierte sind immer willkommen (Schreib uns bei Interesse gerne eine Mail).</p>
<p>MAR Gebäude<br />
<a href="http://&lt;iframe src=&quot;https://www.google.com/maps/embed?pb=!1m18!1m12!1m3!1d2427.928905446588!2d13.321273415807337!3d52.51662567981362!2m3!1f0!2f0!3f0!3m2!1i1024!2i768!4f13.1!3m3!1m2!1s0x47a8511b0709b905%3A0x5731d340466368bc!2sMAR+Geb%C3%A4ude%2C+Marchstra%C3%9Fe+23%2C+10587+Berlin!5e0!3m2!1sde!2sde!4v1445510021786&quot; width=&quot;600&quot; height=&quot;450&quot; frameborder=&quot;0&quot; style=&quot;border:0&quot; allowfullscreen&gt;&lt;/iframe&gt;"><iframe loading="lazy" style="border: 0;" src="https://www.google.com/maps/embed?pb=!1m18!1m12!1m3!1d2427.928905446588!2d13.321273415807337!3d52.51662567981362!2m3!1f0!2f0!3f0!3m2!1i1024!2i768!4f13.1!3m3!1m2!1s0x47a8511b0709b905%3A0x5731d340466368bc!2sMAR+Geb%C3%A4ude%2C+Marchstra%C3%9Fe+23%2C+10587+Berlin!5e0!3m2!1sde!2sde!4v1445510021786" width="600" height="450" frameborder="0" allowfullscreen="allowfullscreen"></iframe></a></p>

<p>Für alle Fragen übers Studium, Prüfungen und sonstige Sorgen, schreibt uns gern an: hf.chapter.berlin (ät) gmail.com Wir treffen uns während des Semesters alle zwei Wochen Donnerstag um 18 Uhr im INI+Chapter-Raum (MAR 3.033; Marchstraße 23, 10587 Berlin). Interessierte sind immer willkommen (Schreib uns bei Interesse gerne eine Mail). MAR Gebäude</p>
