{"id":30,"date":"2015-07-29T18:48:19","date_gmt":"2015-07-29T16:48:19","guid":{"rendered":"http:\/\/hfini.ipa.tu-berlin.de\/?page_id=30"},"modified":"2023-09-30T15:00:15","modified_gmt":"2023-09-30T13:00:15","slug":"weiterfuhrende-links","status":"publish","type":"page","link":"https:\/\/steyr.ipa.tu-berlin.de\/?page_id=30","title":{"rendered":"Weiterf\u00fchrende Links"},"content":{"rendered":"<p>Hier findet ihr alle wichtigen Links rund ums Studium \ud83d\ude09<\/p>\n<p><strong><span style=\"text-decoration: underline;\">Von Studierenden organisiert:<\/span><\/strong><\/p>\n<ul>\n<li>Unsere <a href=\"https:\/\/www.instagram.com\/hf_chapter_berlin\/?hl=de\" target=\"_blank\" rel=\"noopener\">Instagram Seite<\/a><\/li>\n<li>Unsere <a href=\"https:\/\/www.facebook.com\/groups\/196981736997258\/\" target=\"_blank\" rel=\"noopener\">Facebook Gruppe<\/a> f\u00fcr Studis und Alumni<\/li>\n<li><span style=\"font-weight: 400;\">Unsere <\/span><a href=\"https:\/\/www.linkedin.com\/company\/hfstudentchapterberlin\/\" target=\"_blank\" rel=\"noopener\"><span style=\"font-weight: 400;\">LinkedIn<\/span><\/a><span style=\"font-weight: 400;\"> Seite<\/span><\/li>\n<li>F\u00fcr Zugang zu den Kommunikartionskan\u00e4len der einzelnen Semester und zum Ordner mit Material f\u00fcr Dein Studium wende Dich bitte pers\u00f6nlich an das Chapter<\/li>\n<\/ul>\n<p><strong><span style=\"text-decoration: underline;\">Uni &amp; Offizielles<\/span><\/strong><\/p>\n<ul>\n<li>TU Berlin <a href=\"https:\/\/www.tu.berlin\/studieren\/studienorganisation\/pruefungen\/\" target=\"_blank\" rel=\"noopener\">Pr\u00fcfungsamt<\/a><\/li>\n<li>Website des <a href=\"https:\/\/www.tu.berlin\/studieren\/studienangebot\/gesamtes-studienangebot\/studiengang\/human-factors-m-sc\" target=\"_blank\" rel=\"noopener\">Masterstudiums Human Factors<\/a><\/li>\n<li><a href=\"https:\/\/www.static.tu.berlin\/fileadmin\/www\/10000000\/Studiengaenge\/StuPOs\/Fakultaet_V\/HumanFactors_M.Sc._2019.pdf\" target=\"_blank\" rel=\"noopener\">Aktuelle Pr\u00fcfungsordnung<\/a> des Masterstudiums Human Factors<\/li>\n<li><a href=\"https:\/\/moseskonto.tu-berlin.de\/moses\/modultransfersystem\/index.html\" target=\"_blank\" rel=\"noopener\">Modulkatalog<\/a> (F\u00fcr Human Factors &lt;Modultransfersystem&gt; &#8211;&gt; &lt;Studiengang suchen&gt; &#8211;&gt; weiter durchklicken)<\/li>\n<li style=\"font-weight: 400;\" aria-level=\"1\"><a href=\"https:\/\/asta.tu-berlin.de\/\"><span style=\"font-weight: 400;\">Allgemeiner Studierendenausschuss<\/span><\/a><\/li>\n<\/ul>\n","protected":false},"excerpt":{"rendered":"<p>Hier findet ihr alle wichtigen Links rund ums Studium \ud83d\ude09 Von Studierenden organisiert: Unsere Instagram Seite Unsere Facebook Gruppe f\u00fcr Studis und Alumni Unsere LinkedIn Seite F\u00fcr Zugang zu den Kommunikartionskan\u00e4len der einzelnen Semester und zum Ordner mit Material f\u00fcr Dein Studium wende Dich bitte pers\u00f6nlich an das Chapter Uni &amp; Offizielles TU Berlin Pr\u00fcfungsamt Website des Masterstudiums Human Factors Aktuelle Pr\u00fcfungsordnung des Masterstudiums Human Factors Modulkatalog (F\u00fcr Human Factors &lt;Modultransfersystem&gt; &#8211;&gt; &lt;Studiengang suchen&gt; &#8211;&gt; weiter durchklicken) Allgemeiner Studierendenausschuss<\/p>\n","protected":false},"author":3,"featured_media":0,"parent":0,"menu_order":0,"comment_status":"closed","ping_status":"open","template":"","meta":{"footnotes":""},"class_list":["post-30","page","type-page","status-publish","hentry"],"_links":{"self":[{"href":"https:\/\/steyr.ipa.tu-berlin.de\/index.php?rest_route=\/wp\/v2\/pages\/30","targetHints":{"allow":["GET"]}}],"collection":[{"href":"https:\/\/steyr.ipa.tu-berlin.de\/index.php?rest_route=\/wp\/v2\/pages"}],"about":[{"href":"https:\/\/steyr.ipa.tu-berlin.de\/index.php?rest_route=\/wp\/v2\/types\/page"}],"author":[{"embeddable":true,"href":"https:\/\/steyr.ipa.tu-berlin.de\/index.php?rest_route=\/wp\/v2\/users\/3"}],"replies":[{"embeddable":true,"href":"https:\/\/steyr.ipa.tu-berlin.de\/index.php?rest_route=%2Fwp%2Fv2%2Fcomments&post=30"}],"version-history":[{"count":15,"href":"https:\/\/steyr.ipa.tu-berlin.de\/index.php?rest_route=\/wp\/v2\/pages\/30\/revisions"}],"predecessor-version":[{"id":303,"href":"https:\/\/steyr.ipa.tu-berlin.de\/index.php?rest_route=\/wp\/v2\/pages\/30\/revisions\/303"}],"wp:attachment":[{"href":"https:\/\/steyr.ipa.tu-berlin.de\/index.php?rest_route=%2Fwp%2Fv2%2Fmedia&parent=30"}],"curies":[{"name":"wp","href":"https:\/\/api.w.org\/{rel}","templated":true}]}}