{"id":226,"date":"2023-08-26T19:53:55","date_gmt":"2023-08-26T17:53:55","guid":{"rendered":"http:\/\/hfini.ipa.tu-berlin.de\/?page_id=226"},"modified":"2025-05-26T10:07:32","modified_gmt":"2025-05-26T08:07:32","slug":"zum-studium","status":"publish","type":"page","link":"https:\/\/steyr.ipa.tu-berlin.de\/?page_id=226","title":{"rendered":"Zum Studium"},"content":{"rendered":"\n<h2 class=\"wp-block-heading\"><strong>F\u00fcr Erstis<\/strong><\/h2>\n\n\n\n<p>Herzlichen Gl\u00fcckwunsch zum Studienplatz und Willkommen im Masterstudiengang Human Factors! Der Studiengang Human Factors wurde vom <a href=\"https:\/\/www.tu.berlin\/ipa\" data-type=\"URL\" data-id=\"https:\/\/www.tu.berlin\/ipa\" target=\"_blank\" rel=\"noreferrer noopener\">Institut f\u00fcr Psychologie und Arbeitswissenschaften<\/a> ins Leben gerufen, das der Fakult\u00e4t V \u201cVerkehrs- und Maschinensysteme\u201d angeh\u00f6rt.<\/p>\n\n\n\n<p>Die <strong>Ersti-Woche f\u00fcr das Sommersemester 2025 <\/strong>findet in der ersten Vorlesungswoche vom <strong>14. bis 18. April 2025<\/strong> statt. Die\u00a0<strong>Einf\u00fchrungsveranstaltung ist am 14.04. von 10:00 bis 10:45 Uhr in Raum MAR 0.001\u00a0<\/strong>(MAR-Geb\u00e4ude, Marchstra\u00dfe 23, 10587 Berlin. Einen <a href=\"https:\/\/www.tu.berlin\/studieren\/uni-leben\/campusplan\" data-type=\"URL\" data-id=\"https:\/\/www.tu.berlin\/studieren\/uni-leben\/campusplan\">Campusplan<\/a> gibt es auf der Website der TU<strong>.<\/strong> Weitere Informationen, wie einen Plan der Woche und die WhatsApp-Gruppe, findet ihr in unserem <a href=\"https:\/\/isis.tu-berlin.de\/course\/view.php?id=32224\">ISIS Kurs<\/a>.<\/p>\n\n\n\n<p style=\"font-size:16px\">Unabh\u00e4ngig von eurem Fachsemester, vorherigem Studiengang oder, ob ihr schon an der TU Berlin studiert habt, seid Ihr zur Ersti-Woche herzlich eingeladen!<br><br>Ihr m\u00fcsst normalerweise nichts vorbereiten, alle wichtigen Infos erhaltet ihr in der Einf\u00fchrungsveranstaltung.  HF-Pflichtveranstaltungen m\u00fcssen vorher nicht angemeldet werden. Spezielle Wahlpflichtkurse ben\u00f6tigen selten anderweitige Anmeldeverfahren, die bereits fr\u00fcher enden k\u00f6nnen. Falls spezielle Vertiefungsw\u00fcnsche bestehen, empfehlen wir Euch, bereits vorab zu recherchieren.<\/p>\n\n\n\n<h2 class=\"wp-block-heading\"><strong>F\u00fcr Studieninteressierte<\/strong><\/h2>\n\n\n\n<p>Du interessierst dich f\u00fcr den Studiengang Human Factors? Dann bist du hier genau richtig, um die wichtigsten Infos und Anlaufstellen geb\u00fcndelt zu finden.<\/p>\n\n\n\n<p><strong>Was ist de<\/strong>r <strong>Masterstudiengang Human Factors<\/strong>?<br>Einen \u00dcberblick \u00fcber den Studiengang, Inhalte, Voraussetzungen und weitere Informationen findest du <a href=\"https:\/\/www.tu.berlin\/studieren\/studienangebot\/gesamtes-studienangebot\/studiengang\/human-factors-m-sc\/\">hier<\/a>.<\/p>\n\n\n\n<p><strong>\u201cSchnupperstudium\u201d<\/strong><br>In der Vorlesungszeit besteht die M\u00f6glichkeit sich in laufende Vorlesungen zu setzen und sich so einen Eindruck der Lehre zu verschaffen. Angebotene Module und Vorlesungszeiten sind \u00f6ffentlich einsehbar im Modul-Transfersystem sowie dem <a href=\"https:\/\/moseskonto.tu-berlin.de\/moses\/verzeichnis\/veranstaltungen\/vkpl_stg.html?treehelper=9wEAAAABAAAAgAAAAAEAAGDvAAAAAQAAAAAAAAABAAAAAAAAAAUAAAAAEQwBewAAAAAREQF8AAAAABEWAX0AAAAAERsBfgAAAAARIAF.&amp;search=true\">Verzeichnis<\/a>. <br>Dort kannst du dir ein Bild machen, welche Veranstaltungen dich erwarten und vor Ort herausfinden ob diese tats\u00e4chlich zu deinen Interessen und Erwartungen passen.<\/p>\n\n\n\n<p><strong>Austausch mit Studierenden<\/strong> <strong>&#8211; Bar-Abend<\/strong><br>Einmal im Monat findet im Caf\u00e9 Erdreich im Geb\u00e4ude Z unser Bar-Abend statt, hier k\u00f6nnt ihr HF-Studierende treffen und in den Austausch \u00fcber Inhalte sowie Insider-Informationen kommen. <\/p>\n\n\n\n<p><strong>Bewerbung und fachliche Voraussetzungen <br><\/strong>Bei Fragen zur<strong> Erf\u00fcllung der fachlichen Voraussetzungen<\/strong> wendet Euch bitte an den <a href=\"https:\/\/www.tu.berlin\/ipa\/studium-lehre\/pruefungsausschuss\"><strong>Pr\u00fcfungsausschuss<\/strong><\/a><strong>.<\/strong> Ansprechpartner sind hier die Vorsitzende des Pr\u00fcfungsausschusses (<strong><a href=\"mailto: gisela.mueller-plath@tu-berlin.de\" data-type=\"mailto\" data-id=\"mailto: gisela.mueller-plath@tu-berlin.de\">Prof. Dr. Gisela M\u00fcller-Plath<\/a><\/strong>) sowie ihr Sekretariat (<a href=\"mailto: katrin.luedtke@tu-berlin.de\" data-type=\"mailto\" data-id=\"mailto: katrin.luedtke@tu-berlin.de\">Katrin L\u00fcdtke<\/a>).<\/p>\n\n\n\n<p><strong>Stand der Bewerbung<\/strong><br>Bei Fragen bez\u00fcglich des <strong>Standes eurer Bewerbung <\/strong>kontaktiert bitte das <strong>Campuscenter.<br>Termine werden via Mail vergeben.<\/strong><\/p>\n\n\n\n<p class=\"has-medium-font-size\"><strong>Studienberatung<\/strong><br>Die TU Berlin bietet au\u00dferdem <a rel=\"noreferrer noopener\" href=\"https:\/\/www.tu.berlin\/studieren\/beratung\/studienberatung\/\" target=\"_blank\">Beratung f\u00fcr Studierende und Studieninteressierte<\/a> an.<\/p>\n\n\n\n<p><strong>Studienfachberatung &#8211; Wohin wende ich mich bei Fragen zum HF-Studium?<\/strong><br>Bei Fragen zum Studium, die nicht online beantwortet werden, wendet euch gern per Mail an Lara Naendrup-Poell, die Studienfachberatung des IPA\u00a0<a href=\"mailto:lara.naendrup-poell@tu-berlin.de\"><a rel=\"noreferrer noopener\" href=\"mailto:studienfachberatungHF@hap.tu-berlin.de\" target=\"_blank\">studienfachberatungHF@hap.tu-berlin.de<\/a><\/a>.<\/p>\n\n\n\n<p><strong>Wo erhalte ich relevante Informationen?<\/strong><\/p>\n\n\n\n<ol class=\"wp-block-list\">\n<li style=\"font-size:16px\">Allgemeine Fragen zum Studienablauf und Rahmenbedingungen\n<ul class=\"wp-block-list\">\n<li><a href=\"https:\/\/isis.tu-berlin.de\/pluginfile.php\/2861658\/mod_folder\/content\/0\/Studien-%20und%20Pr%C3%BCfungsordnung%20%282018%29?forcedownload=1\">Studien- und Pr\u00fcfungsordnung<\/a><\/li>\n\n\n\n<li><a href=\"https:\/\/isis.tu-berlin.de\/pluginfile.php\/2861658\/mod_folder\/content\/0\/HF%20%28M.Sc.%29%20-%20StuPO%202018%20-%20SoSe%202023%20%28mit%20Modulkatalog%29.pdf?forcedownload=1\">Modulkatalog<\/a><\/li>\n\n\n\n<li>Unterlagen der Einf\u00fchrungsveranstaltung eures jeweiligen Semesters oder der&nbsp;<a href=\"https:\/\/isis.tu-berlin.de\/pluginfile.php\/2444815\/course\/section\/531671\/Studienfachberatung_SoSe2024.pdf\">Studienfachberatung<\/a><\/li>\n\n\n\n<li>TU Berlin&nbsp;<a rel=\"noreferrer noopener\" href=\"https:\/\/www.tu.berlin\/studieren\/studienorganisation\/pruefungen\/\" target=\"_blank\">Pr\u00fcfungsamt<\/a><\/li>\n\n\n\n<li><a rel=\"noreferrer noopener\" href=\"https:\/\/www.static.tu.berlin\/fileadmin\/www\/10002254\/Studium_und_Lehre\/Data_Science_Track_for_Human_FactorsSS24.pdf\" target=\"_blank\">Data Science Track f\u00fcr Human Factors Studierende<\/a>&nbsp;(Ansprechpartner: Eike Richter)<br><br><\/li>\n<\/ul>\n<\/li>\n\n\n\n<li style=\"font-size:16px\">Fragen zu Modulen, Veranstaltungen\n<ul class=\"wp-block-list\">\n<li>Recherche in&#8230;\n<ul class=\"wp-block-list\">\n<li>dem&nbsp;<a href=\"https:\/\/moseskonto.tu-berlin.de\/moses\/verzeichnis\/index.html\" target=\"_blank\" rel=\"noreferrer noopener\">Vorlesungsverzeichnis<\/a>&nbsp;(aktuelle Veranstaltungszeiten + Orte)<\/li>\n\n\n\n<li><a href=\"https:\/\/www.tu.berlin\/ipa\/ueber-uns\/fachgebiete\" target=\"_blank\" rel=\"noreferrer noopener\">Fachgebietsseiten<\/a>&nbsp;des Institut f\u00fcr Psychologie und Arbeitswissenschaften (IPA)<\/li>\n\n\n\n<li><a href=\"https:\/\/moseskonto.tu-berlin.de\/moses\/modultransfersystem\/index.html\">MTS<\/a>&nbsp;(Modulbeschreibungen + Pr\u00fcfungsformate)<\/li>\n\n\n\n<li><a href=\"https:\/\/isis.tu-berlin.de\/?redirect=0\" target=\"_blank\" rel=\"noreferrer noopener\">ISIS<\/a>&nbsp;(Kurse + Unterlagen)<\/li>\n<\/ul>\n<\/li>\n\n\n\n<li>bei konkreten Fragen wendet euch bitte an die jeweiligen Dozierenden des aktuellen Semesters (diese stehen in Moses)<br><br><\/li>\n<\/ul>\n<\/li>\n\n\n\n<li style=\"font-size:16px\">Fragen zu Pr\u00fcfungen, Anerkennung von Leistungen\n<ul class=\"wp-block-list\">\n<li>Referat Pr\u00fcfungen&nbsp;<a href=\"https:\/\/www.tu.berlin\/pruefungen\/pruefungen\/kontakt-teams\/team-5\">Team 5 (tu.berlin)<\/a>&nbsp;(z.B. auch bei Fragen zur Anerkennung von Leistungen aus dem Ausland)<\/li>\n\n\n\n<li>Human Factors&nbsp;<a href=\"https:\/\/www.tu.berlin\/ipa\/studium-lehre\/pruefungsausschuss\">Pr\u00fcfungsausschuss<\/a>: Ansprechpartnerinnen sind hier die Vorsitzende des Pr\u00fcfungsausschusses (<a href=\"mailto:%20gisela.mueller-plath@tu-berlin.de\">Prof. Dr. Gisela M\u00fcller-Plath<\/a>)&nbsp;sowie ihr Sekretariat (<a href=\"mailto:%20katrin.luedtke@tu-berlin.de\">Katrin L\u00fcdtke<\/a>)<br><br><\/li>\n<\/ul>\n<\/li>\n\n\n\n<li style=\"font-size:16px\">Fragen zu Auslandsvorhaben\n<ul class=\"wp-block-list\">\n<li><a href=\"https:\/\/www.tu.berlin\/international\/studierende\/studium-im-ausland\">Studium im Ausland<\/a><\/li>\n\n\n\n<li><a href=\"https:\/\/isis.tu-berlin.de\/course\/view.php?id=31150\"><\/a>B\u00fcro f\u00fcr Internationales bietet Dienstag und Donnerstag Sprechstunden an:&nbsp;<a href=\"https:\/\/www.tu.berlin\/international\/ueber-uns\/studierendenmobilitaet-internationale-studierende\">Studierendenmobilit\u00e4t &amp; Internationale Studierende<\/a><br><br><\/li>\n<\/ul>\n<\/li>\n\n\n\n<li style=\"font-size:16px\">Fragen zu Studium mit Kind, psychologischer Beratung, Bewerbungsberatung\n<ul class=\"wp-block-list\">\n<li>die TU Berlin bietet ein breit gef\u00e4chertes&nbsp;<a rel=\"noreferrer noopener\" href=\"https:\/\/www.tu.berlin\/studieren\/beratung\/\" target=\"_blank\">Beratungsangebot<\/a>&nbsp;an: Studienberatung, psychologische Beratung, Berufseinstieg und Karriere, Kind und Pflege, Krankheit und Behinderung<br><br><\/li>\n<\/ul>\n<\/li>\n\n\n\n<li style=\"font-size:16px\">weitere Fragen\n<ul class=\"wp-block-list\">\n<li><a href=\"https:\/\/isis.tu-berlin.de\/mod\/glossary\/view.php?id=1612077\">FAQ<\/a>&nbsp;in diesem ISIS Kanal<\/li>\n\n\n\n<li>fragt einfach mal eure Kommilitoninnen, nutzt die Whatsapp-Gruppen, diesen Isis Kanal und das Forum<\/li>\n\n\n\n<li>schreibt uns&nbsp;<a href=\"mailto:%20hf.chapter.berlin@gmail.com\">hf.chapter.berlin@gmail.com<\/a><br><\/li>\n<\/ul>\n<\/li>\n<\/ol>\n","protected":false},"excerpt":{"rendered":"<p>F\u00fcr Erstis Herzlichen Gl\u00fcckwunsch zum Studienplatz und Willkommen im Masterstudiengang Human Factors! Der Studiengang Human Factors wurde vom Institut f\u00fcr Psychologie und Arbeitswissenschaften ins Leben gerufen, das der Fakult\u00e4t V \u201cVerkehrs- und Maschinensysteme\u201d angeh\u00f6rt. Die Ersti-Woche f\u00fcr das Sommersemester 2025 findet in der ersten Vorlesungswoche vom 14. bis 18. April 2025 statt. Die\u00a0Einf\u00fchrungsveranstaltung ist am 14.04. von 10:00 bis 10:45 Uhr in Raum MAR 0.001\u00a0(MAR-Geb\u00e4ude, Marchstra\u00dfe 23, 10587 Berlin. Einen Campusplan gibt es auf der Website der TU. Weitere Informationen, wie einen Plan der Woche und die WhatsApp-Gruppe, findet ihr in unserem ISIS Kurs. Unabh\u00e4ngig von eurem Fachsemester, vorherigem Studiengang oder, ob ihr schon an der TU Berlin studiert habt, seid Ihr zur Ersti-Woche herzlich eingeladen! Ihr m\u00fcsst normalerweise nichts [&hellip;]<\/p>\n","protected":false},"author":3,"featured_media":0,"parent":0,"menu_order":0,"comment_status":"closed","ping_status":"closed","template":"","meta":{"footnotes":""},"class_list":["post-226","page","type-page","status-publish","hentry"],"_links":{"self":[{"href":"https:\/\/steyr.ipa.tu-berlin.de\/index.php?rest_route=\/wp\/v2\/pages\/226","targetHints":{"allow":["GET"]}}],"collection":[{"href":"https:\/\/steyr.ipa.tu-berlin.de\/index.php?rest_route=\/wp\/v2\/pages"}],"about":[{"href":"https:\/\/steyr.ipa.tu-berlin.de\/index.php?rest_route=\/wp\/v2\/types\/page"}],"author":[{"embeddable":true,"href":"https:\/\/steyr.ipa.tu-berlin.de\/index.php?rest_route=\/wp\/v2\/users\/3"}],"replies":[{"embeddable":true,"href":"https:\/\/steyr.ipa.tu-berlin.de\/index.php?rest_route=%2Fwp%2Fv2%2Fcomments&post=226"}],"version-history":[{"count":23,"href":"https:\/\/steyr.ipa.tu-berlin.de\/index.php?rest_route=\/wp\/v2\/pages\/226\/revisions"}],"predecessor-version":[{"id":406,"href":"https:\/\/steyr.ipa.tu-berlin.de\/index.php?rest_route=\/wp\/v2\/pages\/226\/revisions\/406"}],"wp:attachment":[{"href":"https:\/\/steyr.ipa.tu-berlin.de\/index.php?rest_route=%2Fwp%2Fv2%2Fmedia&parent=226"}],"curies":[{"name":"wp","href":"https:\/\/api.w.org\/{rel}","templated":true}]}}